 + 5*i, 21 = 3*d - 3*i. List the prime factors of d.
2
Suppose 3*w + 0*q = q - 8, 0 = -w - 4*q + 19. Let u = w - -5. What are the prime factors of u?
2
Let k be (13 + 2)*6/(-5). Let g = k + 49. List the prime factors of g.
31
Let t(x) = -x - 55. Let u be t(0). Let o = u + 93. What are the prime factors of o?
2, 19
Let v be 2 - -1 - (-7 - 0). Let b(r) = r**2 - 9*r + 8. What are the prime factors of b(v)?
2, 3
Let x(a) = -a**2 + a. Let j(r) be the first derivative of -4*r**3/3 - 5*r**2/2 + 9*r + 2. Let o(i) = j(i) - 5*x(i). List the prime factors of o(10).
3
Let i(a) = a**3 + 6*a**2 + 4*a + 6. Let k(g) = -g**3 - 2*g**2 + 3*g + 1. Let w be k(-2). What are the prime factors of i(w)?
11
Let i(j) be the first derivative of -j**2/2 - 2*j + 2. Let x be i(-5). Suppose -3*h + 0*g + 49 = -5*g, x*g + 6 = 0. What are the prime factors of h?
13
Let x = 208 - 140. List the prime factors of x.
2, 17
Let c(b) = -b**2 + b. Let q(a) = 4*a**2 - 12*a - 10. Let j(g) = -5*c(g) - q(g). Let l be 185/(-25) - (-4)/10. List the prime factors of j(l).
2, 5
Let s = 10 + -6. Suppose -135 = -4*b + t - s*t, -2*t - 6 = 0. What are the prime factors of b?
2, 3
Let i(n) = -4*n + 4 + 3 + 2*n - n**2. Let s be i(-5). List the prime factors of (-1)/4 + (-82)/s.
2, 5
Let f be (2 + 2 + -2)/(-4)*0. Let p be (-286)/(-8) + 1/4. Suppose f = -j - j + p. What are the prime factors of j?
2, 3
Let p(z) = 2*z**3 + 2*z**2 - 3*z + 3. Let r be -2*-1*2/2. What are the prime factors of p(r)?
3, 7
Let j(q) = -4*q + 2. Let m(l) = l**2 + 2*l + 2. Let g be m(-4). Suppose 6*i + g = i. What are the prime factors of j(i)?
2, 5
Let q be ((-24)/3)/(2 - 3). Suppose q = -2*h + 26. List the prime factors of h.
3
Let h be 1 - 0 - 2 - 4. Let v(b) = b + 0*b + 3 + b**2 - 3*b + 4*b. List the prime factors of v(h).
2, 3
Suppose 8*x - 4*x - 4 = 0, 5*d - 4*x + 9 = 0. Let c be -1*(-2 - d*2). List the prime factors of 4/(0 + 1 + c).
2
Suppose 104 = 3*u + 2*x - 163, 0 = -4*u + 2*x + 356. What are the prime factors of u?
89
Let n(y) = 4*y - 11. Let q(f) = 2*f - 5. Let v(j) = -2*n(j) + 5*q(j). What are the prime factors of v(9)?
3, 5
Suppose -4*c - 62 = 18. Let v be 2/5 - 412/c. Let n = v + -14. List the prime factors of n.
7
Suppose -s - s + 14 = k, 3*s - 31 = -4*k. Suppose 0 = -3*w + 4*t - 2 + k, -w - 3 = -5*t. Suppose -8 = -w*y + 14. What are the prime factors of y?
11
Suppose 509 = 3*x - 205. What are the prime factors of x?
2, 7, 17
Suppose 5*w - 28 = w. What are the prime factors of w?
7
Let r be 6/15 - 23/(-5). Let z(a) = 3 + a**2 + r + 0*a**2 - 3*a - 5. List the prime factors of z(3).
3
Suppose -2*k = -2*d + k, 4*d - 5*k - 4 = 0. List the prime factors of d.
2, 3
Suppose 4*s - 10 = 6*s, -1325 = -5*w - 5*s. List the prime factors of w.
2, 3, 5
What are the prime factors of 1/5 - (-3696)/70?
53
Let h = 23 - 10. Suppose 5*g = 2 + h. List the prime factors of g.
3
Let d = 5 + -5. Suppose d = -3*n - 4*u - u + 23, -2*n - 2 = -u. List the prime factors of n/5 - (-9)/5.
2
Suppose -2*p + 0*g + 544 = 2*g, -2*p + 539 = g. List the prime factors of p.
3, 89
Let n(k) = 12*k - 52. List the prime factors of n(22).
2, 53
Let k be 2/(-7) + (-946)/(-77). Suppose k = 2*l - 20. What are the prime factors of l?
2
Suppose -2*r + 3*k = -13, -5*k = 4*r + 9 - 24. Suppose 17 = r*v - 3. List the prime factors of (-4)/(32/(-30))*v.
3, 5
Suppose 2*t + 30 = -3*t. Let f = 11 + t. Suppose -f*d - 29 = -2*v, 23 = 4*v + 3*d - 6*d. List the prime factors of v.
2
Let l = 15 + 4. Suppose 5*w - l = 16. Let m(i) = -i**3 + 6*i**2 + 8*i - 1. What are the prime factors of m(w)?
2, 3
Let u(w) = -w**3 + 2*w**2 + 2*w + 1. Let s be u(-1). Suppose -3*v + 4 = -s. What are the prime factors of v + -3 + 3*2?
5
Let r be (-2 - 0) + -63 + 2. Let i = 103 + r. List the prime factors of i.
2, 5
Let s(t) = -t**3 - 9*t**2 + 4*t - 8. What are the prime factors of s(-10)?
2, 13
List the prime factors of -2 + (0 - -190 - -5).
193
Suppose 2*s - 868 = -2*y - 3*y, 4*y = 3*s + 699. What are the prime factors of y?
2, 3, 29
Suppose -3*z = -8*z + 300. Suppose -z = -4*q - 2*u, 3*q - u = 3*u + 34. What are the prime factors of q?
2, 7
Let x(f) = f**3 + 6*f**2 + 6*f + 5. Let d be x(-4). Let y(t) = t**3 - 10*t**2 - t + 2. Let m be y(10). Let n = m + d. List the prime factors of n.
5
Suppose -p + 7*p = 6. Suppose -3*n + 8 = -2*n. Let r = n - p. What are the prime factors of r?
7
Let w(u) = -u**3 + 2 + 0*u + u**2 - 4*u + 3*u**2 + 3*u**2. Let y be w(6). Suppose m - 2*a - y = 0, -5*m + 63 = -2*a - a. What are the prime factors of m?
2, 3
Suppose -4*r + 6*r - 6 = 0. Suppose -2*u - 1 + 3 = 0, -2*p - r*u + 25 = 0. List the prime factors of p.
11
Let h be 6/2*12/18. Let t(n) = n + 7 + 2*n + 5 - h*n. List the prime factors of t(-7).
5
What are the prime factors of 65/(-2)*(-2 - 12/10)?
2, 13
Let y(q) = -q + 2*q - 2*q**2 - 5*q**2. Let b be y(-2). List the prime factors of (24/(-15))/(4/b).
2, 3
List the prime factors of (11/(-3))/((-3)/9).
11
Let m be (-4)/(-20) + 51/(-5). Let y be (29/4)/(m/(-40)). Suppose -x + 25 = h + 2*h, 3*h + 5*x = y. What are the prime factors of h?
2
Let q(p) = 4*p + 2. Let a be q(3). Suppose 4*t = -8, -4*t = -3*h - 5*t - a. Let m = 7 + h. What are the prime factors of m?
3
Let x(k) be the first derivative of k**4/4 + 5*k**3/3 + 5*k**2/2 + 6*k - 7. What are the prime factors of x(-4)?
2
Suppose h + 3 - 9 = 0. List the prime factors of h.
2, 3
Suppose 0*s - 18*s + 7344 = 0. What are the prime factors of s?
2, 3, 17
Let s(o) = o + 1. Let a be s(4). Suppose 0 = 3*i - f - 25, a*i + 0*f + 3*f - 37 = 0. What are the prime factors of i?
2
List the prime factors of (-191)/4*-4 + -2.
3, 7
Let o = 2 + 0. Suppose 3*u + 5*i = -2*u + 65, o*i = -6. What are the prime factors of (-39)/(-2) - (-8)/u?
2, 5
Let i(v) = -11*v - 2. Let l be i(-4). Suppose -5*f + l = -2*f. What are the prime factors of f?
2, 7
Let d(y) = -38*y + 2. List the prime factors of d(-3).
2, 29
Let s = -29 + 66. What are the prime factors of s?
37
Let m be (-8)/((3 + -2)*1). List the prime factors of (-180)/m*(-4)/(-5).
2, 3
Suppose -2*y - 59 = -3*t, -3*t + 0*y = -y - 58. What are the prime factors of t?
19
Suppose 2*p - 5*p + 96 = 0. What are the prime factors of p?
2
Suppose -8*j = -13*j + 250. List the prime factors of j.
2, 5
Let u = -108 - -211. Suppose u = y + 3*y - 3*w, -7 = -y - 3*w. List the prime factors of y.
2, 11
Let h(y) be the first derivative of 1 + 6*y**3 + 0*y + 1/2*y**2. List the prime factors of h(1).
19
Let r(w) = -w**3 - 8*w**2 - 7*w. Let v be r(-7). Let z(c) be the second derivative of c**4/12 + 9*c**2/2 - 8*c. What are the prime factors of z(v)?
3
Let u = -4 - -8. List the prime factors of u.
2
Let r(y) = -y**3 + 5*y**2 - 4*y + 4. Let v be r(4). Suppose f - 2*j + 4 = -2*f, -5*f + 30 = v*j. What are the prime factors of f?
2
Let h = 19 - 12. Let d be h + -2 + -2 + 2. Suppose 49 = d*q + 4*f, -7*q + 3*q + 3*f + 64 = 0. What are the prime factors of q?
13
Let k(j) = -j**3 - 11*j**2 - j - 7. What are the prime factors of k(-11)?
2
Let k(d) = -2*d - 2. Let a be k(-3). Suppose 0 = a*t - 5*t + 22. What are the prime factors of t?
2, 11
Let l(a) = -2*a**3 + a**2 + 4*a + 4. Let i be l(4). What are the prime factors of (3 - i/(-4))*-2?
2, 5
Let z = 167 - 91. List the prime factors of z.
2, 19
Let h = -4 - -4. Suppose 22 = 2*b + 4*s, -2*b + h*b + 16 = -2*s. List the prime factors of b.
3
Let m(b) = b + 4. List the prime factors of m(0).
2
Suppose -2*f = 4*z - 4 + 16, 4*z - 2*f + 20 = 0. Let r(o) = 2*o**2 + 4*o. What are the prime factors of r(z)?
2
Let y = 16 + -44. What are the prime factors of (-6)/3 - y - 2?
2, 3
Let v(y) = 13*y + 3. Let s be v(9). Suppose h - 6*h + s = 0. What are the prime factors of h?
2, 3
What are the prime factors of (4 + -3 - -21)/2?
11
Suppose 2*p - 75 = -3*p. Suppose 2*g = g + p. List the prime factors of g.
3, 5
Suppose 3*m + 4*o = 13, 7*m + 3*o - 18 = 2*m. List the prime factors of m.
3
Let t = -12 - -78. What are the prime factors of t?
2, 3, 11
Let g = -1 - -86. What are the prime factors of g?
5, 17
Suppose 7 = m + 3*u, -5*u + 13 = m + 2*m. Let h(d) = 16*d**3 + 1. What are the prime factors of h(m)?
17
Let x be (-50)/18 + 4/(-18). What are the prime factors of (-7)/x + 6/9?
3
Let m = 8 + 6. List the prime factors of m.
2, 7
Suppose 3*w - 161 = -2*j, -j + 2*w = 3*w - 